 6, what is -251 - -1?
-250
In base 11, what is -5 + 11?
7
In base 13, what is 1257 + -1?
1256
In base 2, what is 10010100000 - 1?
10010011111
In base 12, what is 6a2 + -6?
698
In base 15, what is -179 - -d?
-16b
In base 8, what is 2 - 50?
-46
In base 6, what is -30 - -3?
-23
In base 14, what is -9 + 4d?
44
In base 4, what is -11 - -1301021?
1301010
In base 4, what is -12210 - 1?
-12211
In base 14, what is 13 - -179?
18c
In base 9, what is 4 + -312?
-307
In base 6, what is 1 - -212?
213
In base 8, what is 4 + 351?
355
In base 12, what is -a + -63?
-71
In base 13, what is 33c9 - 5?
33c4
In base 14, what is 46 - 46?
0
In base 12, what is 9 - 4a?
-41
In base 10, what is -1 + -221?
-222
In base 3, what is 101202 - 0?
101202
In base 4, what is 12312 + 11?
12323
In base 15, what is 5 - -548?
54d
In base 3, what is -211010 + 10?
-211000
In base 11, what is -a - 22?
-31
In base 4, what is 2 - 13013?
-13011
In base 15, what is -34 + -24?
-58
In base 2, what is 11000101001 - -1?
11000101010
In base 4, what is 3 + -22?
-13
In base 9, what is -3 + 75?
72
In base 15, what is -10 - -66?
56
In base 2, what is 1111 + 1001?
11000
In base 3, what is -1202 - 12012?
-20221
In base 3, what is 2000 + -10?
1220
In base 2, what is 100100 + 101?
101001
In base 16, what is 0 - 13?
-13
In base 3, what is -1 - -12120?
12112
In base 2, what is -1 + -1010001?
-1010010
In base 7, what is -3 - -341?
335
In base 2, what is -1 + -1110100010?
-1110100011
In base 4, what is 30200120 + -10?
30200110
In base 2, what is -1100 + -10?
-1110
In base 11, what is -55 - 0?
-55
In base 6, what is -3105 + 1?
-3104
In base 11, what is 4 + 16?
1a
In base 3, what is -12 - -11111001?
11110212
In base 5, what is 14 + -10340?
-10321
In base 9, what is 11 + -824?
-813
In base 13, what is 175 + 5?
17a
In base 5, what is -1442 + -10?
-2002
In base 7, what is 13 + -215?
-202
In base 9, what is -17 - 114?
-132
In base 6, what is 311432 + 0?
311432
In base 16, what is -32 + -5?
-37
In base 5, what is -303 - 30?
-333
In base 12, what is 6 + 57?
61
In base 7, what is -152 - 4?
-156
In base 4, what is 223120 + -2?
223112
In base 9, what is -46 - 1?
-47
In base 15, what is 1d8 - -a?
1e3
In base 3, what is 1 - 20200?
-20122
In base 6, what is -3251 - 1?
-3252
In base 6, what is 12 + 3100?
3112
In base 4, what is 21 - 3?
12
In base 6, what is 2121 + 11?
2132
In base 2, what is -100 + 10011?
1111
In base 4, what is -3 + 131103?
131100
In base 16, what is -a2e - -2?
-a2c
In base 4, what is -11200 - 10?
-11210
In base 8, what is -4 - -303?
277
In base 5, what is 1330 + -2?
1323
In base 3, what is -2 - -11102?
11100
In base 15, what is -4 - -7b0?
7ab
In base 10, what is 12902 - 5?
12897
In base 6, what is -450 - -1?
-445
In base 13, what is 3a + -3?
37
In base 12, what is 1849 - -5?
1852
In base 10, what is 5 + -40?
-35
In base 6, what is -15 + 1?
-14
In base 6, what is -322 - 3?
-325
In base 8, what is -136 - 10?
-146
In base 6, what is -131 - -510?
335
In base 2, what is 11001000 + 10?
11001010
In base 16, what is 5 + -35?
-30
In base 2, what is 10000011 - 1011?
1111000
In base 15, what is 8bd + 0?
8bd
In base 11, what is -a9 - 2?
-100
In base 11, what is -40 + 7?
-34
In base 11, what is 0 + -214?
-214
In base 4, what is -22 + 12?
-10
In base 6, what is 1 - 55?
-54
In base 13, what is 80 + -13?
6a
In base 11, what is 409 - 3?
406
In base 5, what is 41122 - 3?
41114
In base 5, what is 224 - 110?
114
In base 15, what is -2a + -2b?
-56
In base 9, what is 6508 - -4?
6513
In base 13, what is 0 + -32?
-32
In base 12, what is -4 + -1a25?
-1a29
In base 12, what is 4 - 4ba?
-4b6
In base 14, what is -43 - 5?
-48
In base 7, what is 2430 - 1?
2426
In base 9, what is -2 + 7?
5
In base 12, what is 2 - 56?
-54
In base 11, what is a6 - 6?
a0
In base 12, what is 10 - -9?
19
In base 4, what is -10 - 132?
-202
In base 6, what is -2 + -201?
-203
In base 3, what is 100001 + 120?
100121
In base 8, what is -1 + -1476?
-1477
In base 10, what is -2 - 601?
-603
In base 10, what is 11 - -5?
16
In base 4, what is 101332 + -1?
101331
In base 3, what is 2 - -202010?
202012
In base 7, what is 16 - 2?
14
In base 10, what is 34 - 3?
31
In base 6, what is 4 - -22000?
22004
In base 14, what is -95 - 6?
-9b
In base 3, what is -2202 + 10?
-2122
In base 10, what is -74 - -65?
-9
In base 8, what is -154 + 0?
-154
In base 9, what is 227 + -2?
225
In base 16, what is -3c + 0?
-3c
In base 6, what is -13052 + 4?
-13044
In base 4, what is -1 + 3?
2
In base 12, what is -5 + 388?
383
In base 3, what is -1011 - 1?
-1012
In base 16, what is -5 + -50e?
-513
In base 14, what is 7cd - 9?
7c4
In base 5, what is -10404 + 3?
-10401
In base 16, what is -4 + -f?
-13
In base 5, what is -2 - 330?
-332
In base 10, what is 6797 - 4?
6793
In base 11, what is -14 - 2?
-16
In base 2, what is -1111 + -1111?
-11110
In base 4, what is 2 + 30130?
30132
In base 7, what is 1 - -254?
255
In base 14, what is -4 - -3d?
39
In base 7, what is 3 - -1633?
1636
In base 9, what is 13017 - 1?
13016
In base 14, what is 560 - -3?
563
In base 8, what is -646 - 6?
-654
In base 8, what is -370 - 2?
-372
In base 11, what is 0 - 1378?
-1378
In base 14, what is 4 + 31?
35
In base 10, what is -90 + -2?
-92
In base 11, what is 2 + 24?
26
In base 14, what is -883 + -b?
-890
In base 2, what is 0 + 110101?
110101
In base 13, what is 0 - 5?
-5
In base 4, what is -230 + -3232?
-10122
In base 8, what is -5 + -15?
-22
In base 3, what is 100 + 2120?
2220
In base 4, what is -11 - 1132?
-1203
In base 10, what is 174 + -4?
170
In base 9, what is 30 - 36?
-6
In base 8, what is 325 - 1?
324
In base 15, what is 22c - 8?
224
In base 6, what is -55 - -4?
-51
In base 2, what is 11001100 - 100?
11001000
In base 11, what is 22 - -5?
27
In base 5, what is 21 - -2334?
2410
In base 16, what is 16 - -28?
3e
In base 7, what is 3022 - -12?
3034
In base 3, what is 12 - -1202?
1221
In base 16, what is 2 + -8?
-6
In base 3, what is 1 + 20202?
20210
In base 3, what is 211222 + -210?
211012
In base 2, what is 1001 - -11?
1100
In base 14, what is -149 + -45?
-190
In base 16, what is -17d0 - 5?
-17d5
In base 15, what is -4 - 3b9?
-3bd
In base 13, what is -1 + 115?
114
In base 9, what is -3 - 4?
-7
In base 6, what is 11 + -143?
-132
In base 3, what is -1000020 + -11?
-1000101
In base 10, what is 36 - -1?
37
In base 9, what is -4253 + 3?
-4250
In base 13, what is -173 + 3?
-170
In base 12, what is -3 - -159?
156
In base 16, what is b - 3?
8
In base 2, what is 110 + -11010?
-10100
In base 16, what is 1 + -c95?
-c94
In base 5, what is -13 - 2?
-20
In base 14, what is 2 - 18?
-16
In base 16, what is -5 + 414?
40f
In base 13, what is 0 + 3b?
3b
In base 10, what is 10 + -15?
-5
In base 5, what is 43 + -4212?
-4114
In base 16, what is 20c + -4?
208
In base 10, what is -430 + 9?
-421
In base 5, what is 0 + -43?
-43
In base 16, what is -9 - -21a?
211
In base 2, what is -110 - 10011001011?
-10011010001
In base 15, what is 5 - 1ec?
-1e7
In base 9, what is 3 - -150?
153
In base 15, what is 1 - -203?
204
In base 5, what is 114242 - -11?
114303
In base 14, what is -2 - 34?
-36
In base 2, what is 100 - -11011001?
11011101
In base 3, what is 1202210 - -22?
1210002
In base 9, what is -307 - -1?
-306
In base 8, what is 235 + 14?
251
In base 14, what is -166 - 44?
-1aa
In base 14, what is 5 - 3?
2
In base 5, what is 34302 + 0?
34302
In base 10, what is 475 + -2?
473
In base 8, what is 1 + 566?
567
In base 7, what is 10 - -11?
21
In base 11, what is 28 + 5aa?
627
In base 11, what is -36 + -2a9?
-334
In base 8, what is -5 + 1277?
1272
In base 10, what is 1 - -771?
772
In base 10, what is 2 + -95?
-93
In base 15, what is 0 - -e36?
e36
In base 11, what is -1 - -23?
22
In base 8, what is 63 + 2?
65
In base 9, what is 14 - 4?
10
In base 6, what is 2010 + -5?
2001
In base 15, what is -13 - -29?
16
In base 7, what is -6353 + -3?
-6356
In base 9, what is 0 - -34?
34
In base 5, what is -3 - 334?
-342
In base 13, what is 2b - -6?
34
In base 8, what is -1 - 1523?
-1524
In base 2, what is -110101110 - -10?
-110101100
In base 6, what is 1 + 2400?
2401
In base 8, what is 715 - 5?
710
In base 8, what is 103 - 3?
100
In base 2, what is -11 + -11110?
-100001
In base 10, what is -854 - 2?
-856
In base 7, what is 2 + -164?
-162
In base 8, what is -3 - 362?
-365
